. Let p be (y - 1)/(1/(-7)). Let f = 10 + p. Calculate the remainder when f is divided by 16.
15
Calculate the remainder when 2 + ((-8)/(-4) - -49) is divided by 14.
11
Suppose -2*y + 0*y = 14. Let s = y - -14. What is the remainder when 26 is divided by s?
5
Suppose -3*i = y - 22, 18 = 2*y + 3*i - 17. Calculate the remainder when (9 + -26)/(1/(-3)) is divided by y.
12
Let w = -6 - -7. What is the remainder when 33 + w + (-7 - -4) is divided by 8?
7
What is the remainder when 21 is divided by ((-2)/4)/((5/110)/(-1))?
10
Let u(q) = q**3 + 8*q**2 + 6*q - 6. Suppose -3*j = -5*v - 16, j = -j - 3*v - 2. Calculate the remainder when j is divided by u(-7).
0
Let t = -9 - -13. Suppose 9 = t*z - 19. Calculate the remainder when z is divided by 3.
1
Suppose -10 = -2*k - 0*k. What is the remainder when 24 is divided by k?
4
Suppose -5*b - 5*u - 39 + 94 = 0, 3*u - 40 = -4*b. Let y = 9 + b. What is the remainder when 0 + 1 + (-45)/(-1) is divided by y?
14
Let w = 10 - 4. What is the remainder when (-5)/(-10) - (186/(-4))/3 is divided by w?
4
Let t = 74 - 35. Calculate the remainder when t is divided by 14.
11
Let w(g) = 8*g - 7. What is the remainder when 73 is divided by w(4)?
23
Let l(t) = 4*t - 1. Calculate the remainder when 18 is divided by l(3).
7
Suppose -4*x + 58 = o, -5*o + 38 = -3*x + 5*x. Suppose 2*g - 5*d - 11 = g, 5*d = 2*g - 7. What is the remainder when (-6)/g*1*18 is divided by x?
13
Let u(r) = -6*r**2 + 23*r + 1. Let b(o) = -5*o**2 + 22*o. Let d(x) = 5*b(x) - 4*u(x). Calculate the remainder when 50 is divided by d(17).
11
Let t(p) = -p**3 - p**2 - 3*p + 1. Calculate the remainder when 55 is divided by t(-3).
27
Suppose 5*o - 4*k - 328 = 104, 254 = 3*o - 5*k. Calculate the remainder when o is divided by 23.
19
Let n(r) = -r**2 + 5*r + 2. Let g be n(4). Let j = 28 + g. What is the remainder when 3/1*j/3 is divided by 12?
10
Let w = 1 - -5. Let u(s) = -5*s**2 - 2*s + 8. Let d(y) = -9*y**2 - 3*y + 16. Let z(i) = -4*d(i) + 7*u(i). Calculate the remainder when z(w) is divided by 6.
4
Suppose 20 = -0*z + 5*z. Suppose -w - 4*w + 25 = 0. Suppose -2*i - 53 = -w*r, -2*i + 24 = 2*r - 0*r. Calculate the remainder when r is divided by z.
3
What is the remainder when 22 - (5 - (-16)/(-4)) is divided by 11?
10
Let y = 65 + -8. What is the remainder when y is divided by 20?
17
Let m = 93 - 66. Calculate the remainder when m is divided by 15.
12
Let v = 24 - 18. What is the remainder when v is divided by 2?
0
Let d(s) = s**2 + s + 40. Let b(p) = 22*p**2 - 2*p + 1. Calculate the remainder when d(0) is divided by b(1).
19
Let n be ((-20)/(-6))/((-6)/(-9)). Let g be 10*(-1 + 7/n). Suppose -2*b = -4*b + g. What is the remainder when 5 is divided by b?
1
Let b be (-9)/2 - (-6)/4. What is the remainder when (-1 - 1) + 67 + b is divided by 21?
20
Let l be 1 + 1*(2 - 1). Let a be 4 + 3/1 + -4. Suppose l*q = 3 + a. Calculate the remainder when q is divided by 2.
1
Calculate the remainder when 15/(-10)*(-56)/3 is divided by 6.
4
Suppose 2*i = -y + 8, 2*i + 4 = -y - 3*i. Calculate the remainder when y is divided by 10.
6
Let c(y) = y**3 - 2*y**2 - y + 2. Let l be c(4). Let m be 86/6 - 4/(-6). Suppose -m - l = -5*a. What is the remainder when a is divided by 5?
4
Let b(m) = m**3 - 15*m**2 + m - 10. Let l be b(15). Suppose -z + l*z - 16 = 0. Calculate the remainder when 18 is divided by z.
2
Suppose -j + 5 = 6. Let f = j - -13. What is the remainder when 46 is divided by f?
10
Let i(y) = -y**3 + 2*y**2 + 71*y - 13. Let v(s) = s**3 - 5*s**2 + 3*s - 3. Let t be v(4). Let u = t - -27. What is the remainder when i(9) is divided by u?
19
Let r = -1 + 1. Let l(d) = -d + 8. Calculate the remainder when ((-92)/6)/((12/18)/(-1)) is divided by l(r).
7
Let f = 4 - -8. Let r = -2 + f. Calculate the remainder when 39 is divided by r.
9
Let c(w) = 4*w + 2. What is the remainder when ((-284)/8)/((-2)/4) is divided by c(4)?
17
Suppose -46 = -5*s + 19. What is the remainder when 64 is divided by s?
12
Suppose -a + 1 = -1. Let k(u) = 7*u + u - u**2 - 1 - 1. Calculate the remainder when k(7) is divided by a.
1
Let g = 32 + -24. Let m(d) = -d**2 + 3 - 15*d + 5*d + 2. What is the remainder when m(-6) is divided by g?
5
Let a(w) = 16*w**2 + 2*w - 1. Calculate the remainder when a(1) is divided by 5.
2
Calculate the remainder when 5/(-2)*82/(-5) is divided by (-14)/(-3)*(2 - -1).
13
Suppose 8*p - 2*p - 348 = 0. Calculate the remainder when p is divided by 16.
10
What is the remainder when 44 is divided by ((-2)/(-10)*-2)/((-2)/60)?
8
Suppose 0 = 4*m + 11 + 9. Let d(o) be the third derivative of -o**6/120 - o**5/10 - o**4/4 + o**3/3 + 8*o**2. What is the remainder when 20 is divided by d(m)?
6
Suppose 2*s = 3*s - 5. What is the remainder when s is divided by 2?
1
Let u(j) = j - 1. Let x be u(1). Let c(m) = m**3 + m**2 - m + 7. What is the remainder when c(x) is divided by 3?
1
Suppose -4*y - 22 = -42. What is the remainder when 19 is divided by y?
4
Let l(z) = 2*z**2 + z + 1. What is the remainder when 147 is divided by l(4)?
36
Let x(g) = -g**3 + 8*g**2 - 5*g + 4. Let d be x(6). Let a = 115 - d. Suppose -3*j = -a - 12. Calculate the remainder when j is divided by 15.
12
Let l(o) = o**2 + 4*o - 2. Let z be l(-5). Suppose g + z*g = 4. Suppose -g + 14 = j. What is the remainder when 37 is divided by j?
11
Let c(u) = -u - 5. Let l be c(-7). Suppose -l*z - z + 3 = 0. What is the remainder when 2 is divided by z?
0
Let v be 12/54 - 202/18. Let f(t) = t + 23. Calculate the remainder when 21 is divided by f(v).
9
Let b(s) = -s**3 - 4*s**2 - 2*s. What is the remainder when 30 is divided by b(-4)?
6
Suppose -5*t + 0*u + 78 = 3*u, 5*t - 72 = 3*u. What is the remainder when t is divided by 4?
3
Suppose 0 = 5*z - 4*z - 3, -5*z = -4*y + 189. Calculate the remainder when y is divided by 18.
15
Let p(o) = -5*o**3 - 2*o**2 - 2*o + 2. What is the remainder when p(-2) is divided by 13?
12
Calculate the remainder when 4 is divided by 90/(-10)*2/(-6).
1
Let k = 92 - 51. Calculate the remainder when k is divided by 14.
13
Let w = -14 + 56. Suppose -3*s = 4*x - 91, -3*x - s = -4*s - 63. What is the remainder when w is divided by x?
20
Suppose 3*b + 3 = 0, -4*n - b + 59 = -0*b. What is the remainder when 55 is divided by n?
10
Let r = 61 - 27. What is the remainder when r is divided by 18?
16
Suppose 18*m - 28 = 14*m. Calculate the remainder when 20 is divided by m.
6
Suppose -17*t + 11*t = -102. Let v be 4*1/2 - 1. Let w = v + 8. Calculate the remainder when t is divided by w.
8
Suppose 3*d = -2*d + 25, 0 = -2*u + 5*d + 37. What is the remainder when 61 is divided by u?
30
Suppose -82 = -2*v - 2*i, 5*v - i - 72 = 121. What is the remainder when 114 is divided by v?
36
Let u(s) = 49*s**3 + s**2. Let b be u(-1). What is the remainder when 16/2 - (6 + -3) is divided by (-4)/14 - b/21?
1
Let i = 44 - 136. Let v = i + 60. Let g = -11 - v. What is the remainder when g is divided by 11?
10
Let h = 23 - 14. Let a(d) = d**3 - 4*d**2 + 5*d - 2. Let x be a(3). Let o = h + x. Calculate the remainder when o is divided by 5.
3
Let y(c) = 2*c - 5. Let l be y(0). Let k = l - -7. Calculate the remainder when k is divided by 2.
0
Suppose 2*j = k + 18, 0 = -2*j + 3*k + 14 + 12. Calculate the remainder when j is divided by (-3 - (4 + -8)) + 2.
1
Let k(n) = 16*n**2 + 2*n + 1. Let q be k(-1). Suppose -13 = -4*j + q. Suppose 6 = 3*l, -4*v + j*l = 2*l - 222. What is the remainder when v is divided by 20?
18
Let y = -67 + -81. Calculate the remainder when 30/2 - (0 - -1) is divided by y/(-28) + 2/(-7).
4
Calculate the remainder when 40 + -9*(-4)/12 is divided by 9.
7
Suppose 0 = -11*z + 6*z + 165. Let x = -90 - -99. What is the remainder when z is divided by x?
6
Suppose 0 = -5*t + 11 - 1. Suppose -t - 1 = 3*p. What is the remainder when 16 + (p - 6/(-2)) is divided by 7?
4
Suppose -5*v + 3*h = 37, -4*v + 5*h - 8 = 19. Calculate the remainder when 81 is divided by v/12*3 + 30.
25
Let v be (14/(-3))/((-1)/(-3)). Let b = -10 - v. Calculate the remainder when b is divided by 3.
1
Let z(g) = -g + 6. Let l be z(6). Suppose l = 2*j + d - 34, -7*j + 3*j + 4*d = -44. What is the remainder when 42 is divided by j?
12
Let r(f) = 3*f**2 + 10*f + 1. Let n(b) = 7*b**2 + 21*b + 2. Let j(u) = 2*n(u) - 5*r(u). What is the remainder when 10 is divided